*t + 47. Let n(c) = c**2 - 30*c + 38. Let v be n(29). Is b(v) a prime number?
False
Suppose 3*r - 221983 - 70514 = 0. Is r composite?
False
Let a(k) = 53*k**2 - 3*k - 11. Let d be a(6). Let s be 1/(-2) - 18/(-8)*2. Suppose s*m + d = -0*b + b, -3*b + 5595 = 2*m. Is b a composite number?
False
Suppose -4*s + 4*s = 8*s. Suppose o - 495 - 404 = -2*a, -5*o + 2*a + 4495 = s. Let g = 2270 - o. Is g prime?
False
Let s = 100445 - 59164. Is s composite?
False
Suppose 4*r - 5*c - 8260622 = 0, 62*c - 58*c - 2065145 = -r. Is r a prime number?
True
Let d be (-2050)/(-22) + 2/(-11). Let h(p) = -51*p + d*p - 17*p - 16 - 84*p. Is h(-7) a composite number?
False
Let n = 256 - 254. Suppose 0 = 3*g + 5*m - 4*m - 51498, -17173 = -g + n*m. Is g a prime number?
True
Let c(s) = -167*s**3 - 12*s**2 + 23*s - 15. Is c(-7) a composite number?
True
Suppose -4*j + 8*j - 7*h = 273446, 0 = -4*h - 24. Is j a composite number?
False
Let x(l) = 5*l + 8. Let j(r) = r**3 + 7*r**2 - 11*r - 14. Let w be j(-8). Let o be w*(2/12 - (-1)/3). Is x(o) a prime number?
False
Suppose x = -2*p + 16977 + 43067, 0 = 2*p - 3*x - 60020. Is p prime?
False
Let v = 309513 - 126842. Is v prime?
False
Suppose 0 = -3*y + 12, r = -3*r + 2*y - 856. Let d = 627 - r. Is d composite?
False
Let p = -2655 - -5485. Let w = p + 2317. Is w prime?
True
Let h(a) = 2*a - 5*a + 12 + 2*a - 2*a. Let i be h(4). Suppose i = 2*s - 784 - 258. Is s composite?
False
Suppose 3672*g = 3666*g. Suppose g = -5*a - s - 0*s + 109645, s = 0. Is a a composite number?
False
Let d be (-2)/2 - -1 - -512. Suppose 641*b = 630*b + 22. Suppose -d = -b*u + 1442. Is u a composite number?
False
Let k = 13038 + 36997. Is k composite?
True
Suppose 0 = 6*v - 4*v - 38. Suppose v*b = 22*b - 9687. Is b + (-3 - -4)/(-2)*0 a composite number?
False
Let v = -60 + 313. Let s = 73 + v. Is s composite?
True
Suppose 9*g + 31 = 58. Is 6*(g - 9848/(-16)) a composite number?
True
Is (26 + (-621)/27)/((-6)/(-2825594)) a prime number?
True
Let b be (-9)/(-4)*(-64)/(-12). Suppose 3*d + 3*k = -9, 4*d = d + 4*k + b. Suppose d = -3*x + 180 + 81. Is x composite?
True
Let t(j) = 39*j**2 + 4*j - 5. Suppose 8*s + 85 = 21. Is t(s) composite?
False
Is 6/(-12)*(-1 - (-717405)/(-5)) prime?
True
Let v(z) = 1520439*z + 2699. Is v(2) prime?
True
Let r = -286062 + 406783. Is r a prime number?
True
Suppose 2*d - 10406 = 4*i, -3*d + 12*i - 11*i + 15594 = 0. Suppose -d = 24*j - 25*j. Is j composite?
False
Let t = 247 - 277. Is 4/10 - (-10 + 37338/t) a prime number?
False
Let s = 1456 - -299. Let q = s - 436. Is q prime?
True
Is -3154682*3/(-1)*44/264 a prime number?
True
Let d be 2/9 - (-825)/297. Suppose 4*n + 11551 = 17*c - 16*c, 46243 = 4*c - d*n. Is c a composite number?
True
Let c = 44228 - 24165. Is c composite?
False
Suppose 5*k = 0, -2*d + 6*d - 436 = 4*k. Suppose -d = -o - 55. Let m = o - -77. Is m prime?
True
Suppose -7*r - 564 = -3*r. Let z = 715 + -263. Let g = r + z. Is g a prime number?
True
Let t(r) = -23204*r - 3287. Is t(-24) a prime number?
False
Let j = 56 + -53. Let g(d) = d**3 - 7*d + 0*d**3 + 17*d + 19*d**2 + 8 - j. Is g(-18) composite?
False
Let l(m) = -25*m - 497. Let s be l(-20). Suppose -w + 5*w - 12 = 0. Is w - 0 - 12*(2 - s) prime?
False
Is 44827 + 12/(-6) + -2 + 1 + -5 composite?
False
Suppose -3*x = -5*b + 46943, 2*x - 17591 = -3*b + 10552. Is b prime?
False
Suppose 4*d + 1189037 - 170137 = 4*g, -3*d + 12 = 0. Is g a composite number?
False
Let a = 2682460 - 1835853. Is a composite?
True
Let v = 302613 + -190852. Is v composite?
True
Is ((-48)/20)/((-8)/(-30)) + 477322 a prime number?
True
Suppose -1092672 = 73*n - 1889900 - 2271911. Is n composite?
False
Let c = 2797 + -2766. Is c composite?
False
Let f = 182646 + -21679. Is f prime?
True
Suppose 109*o + 482098 = 2*m + 105*o, -2*m + 482068 = 2*o. Is m prime?
False
Is (0 - (-2)/(-3))/((-122517105)/(-9424395) - 13) a composite number?
False
Let m be (6 + -6)/((-16)/4). Let y(t) = 2*t**2 + t + 10427. Is y(m) prime?
True
Let n = 4363 + -2847. Let x = -3973 + n. Is x/(-9)*(-2)/(-6) a composite number?
True
Let u = -111 - -113. Is (-2 - -1)/(u - 15774/7886) composite?
False
Let t(h) = -3332*h + 67. Is t(-15) prime?
True
Suppose 23*l - 52*l + 261 = 0. Is (-2)/2 - (l - -105)*-15 composite?
False
Let m = 483 + 4961. Suppose -5*n = u - 6217 - 588, -5*u = -4*n + m. Is n a prime number?
True
Let r = 71 + -73. Let i be r/(-9) - (44970/(-54))/1. Suppose -7848 = -5*c - i. Is c a prime number?
False
Suppose 5 - 37 = -8*t. Suppose -t*k + 2*k = 4*j - 4, 4*k = -4*j + 12. Suppose k*r + 882 - 16622 = 0. Is r a composite number?
True
Suppose 98*p = 140*p - 267834. Is p composite?
True
Let d(w) = w**2 - 10*w + 23. Let q be d(8). Suppose 0 = 2*i - q*i - 20, 2*n = 3*i + 4978. Is n composite?
True
Suppose 20*n - 13*n = q + 445044, q + 5 = 0. Is n composite?
False
Suppose -3*l = 2*l + 4*d + 8, -4*l - 10 = 2*d. Let h be (5/3)/((l/48)/1). Is (-80984)/h + (-4)/(-20)*-1 a prime number?
True
Suppose b - 53972 = 3*s, 4*b - 6*s = -11*s + 215973. Is b composite?
False
Suppose 2*s = 5*o - 18, -7*o + 3*s = 9 - 34. Let t = 6 - 8. Is o + t + -5 + -4 + 989 prime?
False
Suppose 50 - 22 = -4*b. Is -3*6866/(-9 - b) a prime number?
False
Suppose -2*t - 3*t - 3*j - 6 = 0, -4*j + 12 = 0. Let c be (5 + -4 - 4) + (0 - t). Suppose -2*s - 5*v + 201 = c, 0 = 3*s - 3*v - 114 - 198. Is s prime?
True
Let v(x) = -322*x - 7. Let f(p) = p**2 + 9*p - 27. Suppose 23 = -3*n + 2*a, 0*a = 4*n - 5*a + 19. Let r be f(n). Is v(r) composite?
True
Let d = 28841 - -1974. Is d a composite number?
True
Is (8 - 2680/340) + (-3101850)/(-34) composite?
True
Let t = 236534 + -106953. Is t a prime number?
True
Suppose -42*m + 74*m - 776096 = 0. Is m composite?
True
Is 2098/((-7497)/(-14826) - (3/(-6) - -1)) a prime number?
False
Suppose 4*f - 14 - 34 = 0. Suppose -17*n = -18*n - 13. Let r = f - n. Is r a composite number?
True
Suppose 9*n - 11*n = -2*q - 399892, 0 = 3*q - 15. Is n composite?
True
Suppose -5*x + b + 886111 = 0, -73088 + 781968 = 4*x - 3*b. Is x a prime number?
True
Suppose -33094348 = -47*k + 11331508 - 524425. Is k a prime number?
False
Is (-1)/(56/(-32) - -2) - -19411 a composite number?
True
Suppose -2*g = -4*l - 174986, -4608 = g + l - 92098. Is g composite?
False
Let u = 260384 + -104815. Is u prime?
True
Let n = 69 - -868. Let f = -14 + n. Is f composite?
True
Suppose 5*y = o + 47, -30*o + 25*o + 17 = 3*y. Suppose -2*b + 3*c + 69608 = 0, -y*c = -2*b - 4*c + 69604. Is b composite?
False
Let h(a) = 276*a**3 - 14*a**2 + 30*a + 1. Is h(9) a composite number?
False
Let h = -1801 + 2565. Suppose 1300 = 5*k + 2*r + r, 3*k + 5*r = h. Is k composite?
False
Let y(i) = 1110*i**2 + 11*i - 1. Let l be y(3). Suppose 5*s + 2*x - l = -x, 6016 = 3*s - x. Is s a composite number?
True
Is ((-12)/40)/(96/128) + (-424467)/(-5) a composite number?
True
Let l be -17 + 17 - (-4 + 2). Suppose 0*u + 3*u + 5*t = 33922, 3*u = -l*t + 33907. Is u prime?
True
Is -7*((-61 - -1)/(-10) - (-43682)/(-14)) prime?
True
Suppose 26 = 4*b + 6. Suppose 5*p = b*w - 4750, -3*w + 3*p = -8*w + 4774. Is w a prime number?
True
Let d(l) = 2*l**2 + 44*l + 5. Let j be d(-22). Suppose 11154 = 5*o + j*w - 43676, 4*w = 3*o - 32863. Suppose -5*x - 2196 = -o. Is x composite?
False
Suppose 49421270 = 29*d + 44*d + d. Is d composite?
True
Suppose 4*h - 10 = 4*n + 30, 2*h - 3*n - 16 = 0. Let v be (-5)/35 - (-114)/h. Is (-5805)/(-39) - v/(-52) prime?
True
Let u(y) = 22*y + 11*y - 44 + 76*y**2 - 10*y + 0*y + 12*y**2. Is u(-11) prime?
False
Suppose -5*d = 182 + 13. Let i be 3*-1 - (-6 + 7 + -3). Let u = i - d. Is u prime?
False
Let j(a) = -56*a**2 - 24*a + 3. Let k be j(-5). Let q = -578 - k. Is q a composite number?
True
Suppose 0 = -3*d - 3*p + 20412, 210*d - 213*d - p = -20414. Is d a prime number?
False
Let x(f) = 5160*f**2 + 173*f + 9. Is x(8) a prime number?
False
Suppose -204786 = -j + 5*i + 715446, -4*i = 28. Is j a composite number?
False
Let c(x) = 8*x**2 + 21*x - 1030. Is c(51) composite?
False
Let n be 5011/6 - 12/72. Suppose 0 = -s - 3*k - n - 15, 1708 = -2*s - 2*k. Let x = s + 1899. Is x a composite number?
True
Let c(b) = -348*b - 7. Let q(a) = -1740*a - 36. Let y(j) = -11*c(j) + 2*q(j). Let l be (-2)/(-4)*(12/(-2))/(-1). Is y(l) a prime number?
True
Suppose -2*d - f + 41 = -24, -3*d + 95 =